True
Is 5391366173 a composite number?
True
Is 3276143839 composite?
False
Is 2601422767 composite?
False
Is 47296219791 composite?
True
Is 40332896521 a composite number?
False
Is 3971139883 a prime number?
True
Is 2359958461 prime?
False
Is 1954111661 a composite number?
False
Is 31246964669 prime?
False
Is 57975979453 a composite number?
True
Is 1693338785 composite?
True
Is 8120477693 prime?
True
Is 224426652847 a prime number?
False
Is 21370595483 a composite number?
False
Is 56964990751 a prime number?
True
Is 723540731 a prime number?
False
Is 98377735 a composite number?
True
Is 535689997 a prime number?
True
Is 735650647 a composite number?
True
Is 2771105633 prime?
True
Is 242072191 a prime number?
True
Is 4477632067 a composite number?
False
Is 1926250727 prime?
True
Is 986437063 prime?
False
Is 1022873933 a composite number?
False
Is 22415322053 a composite number?
True
Is 95473477343 a composite number?
True
Is 1186882969 prime?
False
Is 80349507779 composite?
False
Is 33923737 a prime number?
True
Is 993626281 composite?
True
Is 8109674819 composite?
True
Is 2419313993 composite?
False
Is 266287277 prime?
True
Is 12785694443 prime?
True
Is 163246913 a composite number?
False
Is 1265400641 prime?
True
Is 1150972487 prime?
False
Is 1544560547 prime?
False
Is 23223470393 a prime number?
False
Is 174004663709 composite?
True
Is 2578191179 composite?
False
Is 187288409741 a prime number?
True
Is 1247326781 a prime number?
True
Is 76397693 a prime number?
True
Is 9915603979 a prime number?
False
Is 9414471071 composite?
True
Is 56308535 a composite number?
True
Is 25930227 composite?
True
Is 3343502759 composite?
True
Is 201006053 prime?
False
Is 14185023271 prime?
False
Is 9565792387 composite?
True
Is 49756757671 a prime number?
False
Is 442319123 a prime number?
False
Is 55217285239 a prime number?
False
Is 184355460797 a prime number?
False
Is 21210597337 composite?
False
Is 22003275529 composite?
False
Is 622571143 a composite number?
True
Is 448093453 composite?
False
Is 50269871137 composite?
False
Is 450286601 composite?
False
Is 65749075729 a composite number?
False
Is 1001149777 a composite number?
True
Is 46032074435 a composite number?
True
Is 316406029 a prime number?
False
Is 2772152983 prime?
False
Is 84427799 a prime number?
True
Is 613518779 a composite number?
True
Is 506570593 a prime number?
True
Is 21207116137 composite?
True
Is 222009427 a composite number?
False
Is 12848089259 prime?
True
Is 1641029561 composite?
True
Is 26643941691 a prime number?
False
Is 15992671593 a prime number?
False
Is 788907874 a prime number?
False
Is 424051445933 composite?
False
Is 2810027959 composite?
True
Is 82338499069 composite?
True
Is 1834582811 prime?
False
Is 52666128059 composite?
False
Is 113771567461 composite?
False
Is 2736821317 a prime number?
True
Is 29663190691 a composite number?
False
Is 53131873 a prime number?
True
Is 14517773411 composite?
True
Is 169920511 a composite number?
False
Is 1380468779 composite?
True
Is 2364994139 composite?
False
Is 19856013917 composite?
False
Is 559471639 composite?
True
Is 3804555049 composite?
True
Is 11526340429 composite?
False
Is 4772681161 a composite number?
True
Is 4489427689 a composite number?
False
Is 2746882247 prime?
True
Is 12715294871 a prime number?
False
Is 15021508991 a composite number?
True
Is 493372603 prime?
True
Is 10518231947 a prime number?
False
Is 25559271791 a composite number?
True
Is 308567257 composite?
True
Is 174818417 prime?
False
Is 1330748791 a composite number?
False
Is 3007230581 a composite number?
False
Is 6958094009 composite?
False
Is 1476673063 a composite number?
True
Is 3858070949 a composite number?
False
Is 35536332787 composite?
False
Is 1007019533 composite?
True
Is 173725627 a composite number?
False
Is 104210549 composite?
False
Is 377517449 a prime number?
False
Is 20053163969 composite?
False
Is 26441230027 composite?
False
Is 521676083 a prime number?
False
Is 148228463 a prime number?
True
Is 6135543361 a composite number?
False
Is 55274257 a composite number?
False
Is 3676640197 composite?
False
Is 2587387735 composite?
True
Is 573602333 a composite number?
False
Is 25739078569 composite?
False
Is 15416373937 a prime number?
True
Is 19549841903 a prime number?
True
Is 2566570949 prime?
True
Is 351549971 prime?
True
Is 46233529 prime?
False
Is 49984950053 a prime number?
True
Is 1485703199 prime?
True
Is 1736063317 composite?
False
Is 2424520583 a prime number?
False
Is 60168580903 a composite number?
False
Is 1349757833 composite?
True
Is 81889419 a composite number?
True
Is 93008548691 prime?
True
Is 3186505783 composite?
True
Is 1545867823 composite?
True
Is 703074401 a prime number?
True
Is 2732056438 composite?
True
Is 1324578449 a composite number?
True
Is 3512147621 a composite number?
False
Is 208292783 a composite number?
False
Is 14949847 composite?
True
Is 8047843907 a composite number?
False
Is 1189042391 prime?
False
Is 72183405911 a prime number?
True
Is 2450656073 a composite number?
False
Is 7260278189 a prime number?
False
Is 4986745537 composite?
True
Is 4536984713 prime?
True
Is 25648905707 a prime number?
True
Is 1335925741 prime?
True
Is 61376160877 a composite number?
True
Is 60645731149 prime?
False
Is 3547003667 prime?
False
Is 1229178941 composite?
False
Is 67129640179 a composite number?
True
Is 7377278397 a composite number?
True
Is 404755979 a prime number?
False
Is 1297459469 a prime number?
True
Is 16453101967 a composite number?
False
Is 2808542081 a composite number?
False
Is 1621579691 prime?
True
Is 365415317 composite?
False
Is 696325727 a composite number?
True
Is 77824645211 a composite number?
True
Is 28584907279 prime?
False
Is 12752505761 a composite number?
True
Is 19588893007 a composite number?
False
Is 176441435965 composite?
True
Is 23277650587 a composite number?
True
Is 526952729 a composite number?
False
Is 1222143971 composite?
False
Is 374526011 composite?
False
Is 1558849349 prime?
True
Is 74974329643 a prime number?
True
Is 170464667227 a composite number?
True
Is 53819537 a prime number?
True
Is 4882588273 composite?
False
Is 260075381089 prime?
True
Is 313091357 a prime number?
True
Is 10494358813 prime?
True
Is 1000218433 a composite number?
True
Is 5182576583 composite?
False
Is 23357702929 composite?
True
Is 151330547 prime?
False
Is 29431969823 composite?
True
Is 112756453 a prime number?
True
Is 89205344897 prime?
True
Is 16371563881 a composite number?
False
Is 11601418669 a prime number?
True
Is 28900028119 a composite number?
False
Is 1027479197 prime?
True
Is 868572493 prime?
True
Is 1781273761 prime?
True
Is 250618036139 a prime number?
True
Is 29426958593 composite?
True
Is 817573117 prime?
True
Is 1149122329 prime?
False
Is 7083211 a prime number?
True
Is 794693233 composite?
True
Is 56463241 a prime number?
True
Is 2113212403 a prime number?
False
Is 43567431095 a prime number?
False
Is 7611437887 composite?
False
Is 532291373 composite?
False
Is 1595534663 composite?
True
Is 23797194061 composite?
False
Is 3711334057 a composite number?
False
Is 9890000191 a composite number?
True
Is 158515715 prime?
False
Is 27922633759 prime?
True
Is 306520807 prime?
False
Is 4534279091 prime?
True
Is 15027419177 a prime number?
False
Is 117347017133 a prime number?
True
Is 2620054939 a composite number?
True
Is 662569055 composite?
True
Is 1924958899 composite?
True
Is 1715959133 a composite number?
True
Is 1912782499 prime?
False
Is 4919601611 composite?
False
Is 317599313 a composite number?
True
Is 111257669 a prime number?
True
Is 1625442961 a composite number?
True
Is 1410364309 a composite number?
False
Is 2118408069 prime?
False
Is 15832005149 prime?
True
Is 62785249 prime?
False
Is 51384980221 composite?
False
Is 452583931 composite?
True
Is 15033895489 a prime number?
False
Is 7116648391 a composite number?
True
Is 3834748751 prime?
False
Is 69629164967 a composite number?
True
Is 2664540511 a composite number?
False
Is 38249085559 prime?
False
Is 499416547 a composite number?
True
Is 20438068691 a composite number?
False
Is 211286717 a prime number?
False
Is 8567790641 a composite number?
True
Is 1145496239 prime?
True
Is 3236004439 prime?
True
Is 1830931351 a